03, 5*z - 536 = -4*k. Suppose 5*g = 21 + k. Suppose 4*o - g = 90. Calculate the highest common divisor of o and 6.
6
Suppose -1324 = -u - 3*f + 14, 0 = 3*u - 2*f - 4014. Calculate the greatest common factor of u and 24.
6
Suppose -5*t = 2*b + 10, 3*t + 13 = -5*b - 12. Suppose t = 8*s - 5528 + 1560. Calculate the greatest common factor of s and 31.
31
Suppose 3670 - 589 = 3*b - 5*h, -6 = -h. Calculate the greatest common factor of b and 17.
17
Suppose 1824*q - 1826*q + 4*p + 230 = 0, 4*q - 3*p - 510 = 0. Let a(v) = v**3 - 3*v**2 - 6*v + 7. Let h be a(5). Calculate the highest common factor of q and h.
27
Suppose 0 = -258*g + 44*g + 396886 + 572106. Calculate the greatest common divisor of 64 and g.
16
Suppose -x + 575 = 4*z, 381*x - 386*x = -4*z + 557. What is the greatest common divisor of 1573 and z?
143
Let b(r) = 33*r - 34. Let n be b(6). Suppose 11*m = n + 298. Calculate the highest common divisor of 238 and m.
14
Let d(x) = 20*x**2 - 130*x + 2673. Let n be d(27). What is the greatest common factor of n and 27?
27
Let c be 2 + -4 - -13*2. Suppose -4*o + c = 2*o. Let u be -2*(-2 - (-10)/o - 7). What is the greatest common factor of u and 91?
13
Let g = -3076 + 3084. Calculate the highest common divisor of 108 and g.
4
Let k = -550 + 559. Let a(n) = 6*n**2 - 3*n + 5. Let w be a(k). What is the highest common factor of w and 58?
58
Let v be (72/180 - (8/20 - 3)) + 1413. What is the greatest common divisor of 118 and v?
118
Let m(s) = 321*s**3 - 3*s**2 + 4*s - 2. Let n be m(1). Calculate the highest common factor of 340 and n.
20
Let u be (0 + -1)/((-153)/39 + 4). Let y(g) = -3*g - 20. Let b be y(u). Let r be b + (-1)/(1 - 0)*0. What is the highest common divisor of r and 133?
19
Let h(m) = -11*m - 71. Suppose -5*r + 56 = -2*x + 60, 12 = -2*x + r. Let n be h(x). What is the highest common divisor of 119 and n?
17
Let g(o) = -o + 37. Let x be g(12). Let c(p) = 11*p**3 + 4*p**2 + 2*p - 1. Let b be c(4). What is the greatest common factor of x and b?
25
Let w be 42/(-6)*560/(-16). Suppose 2*j - 3*j + 293 = 3*o, 191 = 2*o + 5*j. What is the highest common factor of w and o?
49
Let a(v) be the first derivative of 2*v**3 + v**2 + 16*v + 21. Let r be a(5). What is the highest common factor of 22 and r?
22
Let r(z) = 10*z**2 + 2*z + 24. Let t(u) = 9*u**2 + 3*u + 24. Let q(w) = 4*r(w) - 3*t(w). Let k be q(0). Calculate the greatest common divisor of k and 64.
8
Let o be (-3)/(-6) - 510/12. Let b be ((-12)/(-1))/(o/(-56)). What is the greatest common factor of 104 and b?
8
Suppose -3*c + 15 = 0, -5*d + c = 5*c + 2595. Let g = d - -656. Calculate the greatest common divisor of g and 152.
19
Suppose 4*y - 5*l = 199 + 135, -64 = -y - 2*l. What is the highest common divisor of y and 114?
38
Let k be -3*(-1)/12 + 95/20. Suppose 59 - 3 = k*w - 2*r, 5*r = -3*w + 15. What is the highest common factor of 190 and w?
10
Let w = -117 + 108. Let d(t) = t**3 + 8*t**2 - 5*t + 15. Let f be d(w). Let x = 35 + f. Calculate the greatest common divisor of 2 and x.
2
Suppose 5*d + 4*i + 4 = 0, i + 1 = -0*i. Suppose d = -6*j + 85 - 1. Let c be ((-36)/24 - 3/(-2)) + j. Calculate the highest common factor of 14 and c.
14
Let g be 6/63 + 13 + (-214)/42. Calculate the greatest common factor of 8 and g.
8
Let f = 188 - 161. Suppose -d + q = -211, 0 = -88*d + 92*d + 5*q - 889. What is the highest common divisor of f and d?
27
Let i(g) = g**2 + 5*g + 1. Let c be i(-6). Let n be ((-19008)/(-1485))/((-1)/(-70)). Calculate the highest common divisor of n and c.
7
Suppose -132*o = -2494 - 481 - 1909. What is the greatest common factor of 4440 and o?
37
Let h = 342 - 356. Let g be (-2160)/h + 4/(-14). Suppose p + 14 = 2*p. What is the greatest common divisor of g and p?
14
Suppose -7*d + 39 = -318. Suppose d = 4*n - 93. What is the highest common divisor of n and 468?
36
Suppose 26 = 4*b + 2*q, -9*b + 5*b + 4*q - 4 = 0. What is the highest common factor of b and 33?
1
Suppose -d = 3*s - 4*s + 359, -364 = d + 4*s. Let a = d + 410. Let c be (2 - (-18)/(-4))*-20. Calculate the greatest common divisor of a and c.
50
Let s = 8212 + -4556. Calculate the highest common factor of 16 and s.
8
Let a be 6 + (0 - 1) + (-13 - -12). Suppose -j - 16 = -w, 3*j = -5*w + 6*j + 72. Suppose 7*l - 5*l - w = 0. Calculate the greatest common factor of a and l.
2
Let d(a) = a**3 - 39*a**2 - 106*a + 325. Let l be d(42). What is the greatest common divisor of l and 15611?
233
Let d(z) = 9*z**2 - 166*z - 36. Let f be d(20). Calculate the greatest common divisor of f and 76.
4
Let j be (-39)/(-18)*4*96. What is the highest common factor of j and 1352?
104
Let u(o) = 2985*o - 20336. Let d be u(7). Calculate the highest common divisor of 1376 and d.
43
Let f(v) = -8*v**2 - 8*v + 2. Let y be f(0). Calculate the greatest common divisor of y and 151.
1
Suppose 6*y = -2*y + 24. Suppose y*i = -z + 2*i + 326, -i = 5*z - 1630. Let s be z/30 - (-1)/(30/4). What is the highest common divisor of 187 and s?
11
Suppose 6*n = 10*n + 12. Let q be (n*24)/(-4) + -2. What is the greatest common factor of q and 496?
16
Let h be (336/(-60))/(4/(-30)) + 8 + -2. What is the highest common divisor of h and 264?
24
Suppose 4*c + 8*c - 36 = 0. Suppose -c*b + 2*b + 2*o = 11, 2*o = 2*b + 14. Let a be (b + 7)*(2 - (-10)/8). What is the highest common factor of 65 and a?
13
Let v(p) = -4814*p + 776. Let w be v(-4). What is the highest common divisor of w and 48?
16
Suppose 4*f + d = 953, 958 = 7*f - 3*f + 2*d. Suppose f - 345 = -3*i. Calculate the greatest common factor of i and 198.
18
Suppose 3*f + h = 307, -11*f = -16*f - h + 509. Calculate the highest common divisor of f and 1616.
101
Suppose 2 = -54*t + 59*t - 2*k, 0 = 4*t + 4*k - 24. Calculate the highest common factor of t and 700.
2
Let n = -139 - -139. Suppose 1385 + 212 = 5*h + r, -2*h - 3*r + 644 = n. Let y = -59 + 88. Calculate the highest common divisor of h and y.
29
Let h(d) = -d + 11. Let z be h(6). Let p(k) = -127*k + 628. Let a be p(5). Let u be (-6)/12*(-4 + 1 + a). What is the greatest common divisor of z and u?
5
Let f be ((-36)/(-2) - 2) + -1. Suppose -228*x + 213*x = -49080. Suppose -33*u + x = 1292. Calculate the highest common divisor of f and u.
15
Let w(u) = -12*u + 1865. Let d be w(33). What is the greatest common divisor of 452 and d?
113
Suppose -3*s + 492 = 162. Let p be (-63)/2394 - 4191/(-418). What is the highest common divisor of p and s?
10
Let r(t) be the second derivative of t**5/20 - 11*t**4/6 - 3*t**3 + 15*t**2/2 + 70*t. Let w be r(23). Calculate the highest common factor of w and 10.
10
Let z(v) = -64*v + 27. Let t be z(-6). Suppose -w + 4*s + 132 = 7*s, 4*s - t = -3*w. Calculate the greatest common divisor of w and 94.
47
Let a be 45/15 + -1 + 58. Let w(z) = 6*z**2 - 6*z - 21. Let s be w(3). What is the highest common divisor of s and a?
15
Suppose 0 = -2*c + 4*q - 4, -14*q + 17*q - 18 = 0. What is the highest common factor of 2050 and c?
10
Suppose -12220 = 3*z - 29*z. What is the greatest common factor of z and 517?
47
Suppose 0 = 4*w - s - 240, 15*s + 12 = 12*s. Calculate the highest common factor of w and 8083.
59
Let r = 133 - 12. Suppose 16 + 100 = 2*u. Let g = r - u. Calculate the greatest common factor of g and 9.
9
Suppose 35 + 525 = 35*p. Let w = -10 + 5. Let v be (-1)/w - (-319)/5. What is the greatest common divisor of p and v?
16
Let q = 27 - 12. Let h = 20 - q. Suppose w - 19 = 3*a, 0 = 3*w - a + h*a - 70. What is the greatest common divisor of w and 110?
22
Let g(y) be the first derivative of 7*y**2 + 57. Let i be 4 + 0/3 + 1. Let j be g(i). Calculate the highest common factor of j and 14.
14
Suppose 0 = -m - 526 + 1189. Let d = m - 651. Calculate the greatest common factor of 852 and d.
12
Suppose -69*z - 59 = -16*z - 165. Calculate the highest common divisor of 10 and z.
2
Suppose -42*w + 92881 = -17999. What is the greatest common divisor of w and 260?
20
Suppose 0 = -3*o + 4*y + 5932 + 8169, 0 = -4*o + y + 18784. Calculate the greatest common factor of o and 15.
15
Let n be -1 + (-6)/(-5) + 284382/90. Suppose -3*q - n - 12986 = 0. Let c be q/(-90) - (-2)/10. What is the greatest common factor of c and 30?
30
Let q = -46 - -81. Suppose -126*t - 292320 = -155*t - 232*t. Calculate the highest common factor of q and t.
35
Suppose 2*